hat are the prime factors of t?
2, 3, 5
Let n(l) = l**3 + 3*l**2 + 4*l + 6. Let a be n(-3). Let p be ((-3)/a)/((-4)/(-144)). Suppose -3*z + 4*k = -p, -z + 5*k - 6 = -2*z. List the prime factors of z.
2, 3
Suppose 3*h = 2*f + 5, -2*h + 3 = -2*f + 1. Suppose -3*b + c = -323, -f*b - 2*c + 208 = c. What are the prime factors of b?
107
Suppose -12*y - 34 = -10*y. Let s(o) = o**2 + 7*o - 37. List the prime factors of s(y).
7, 19
Let r = 2044 + -643. List the prime factors of r.
3, 467
Let i(t) = -t**3 + 9*t**2 + 12*t - 6. Let o be i(10). Suppose -3*d = -n + 66, 0 = -3*n - d + o + 214. List the prime factors of n.
3, 5
Let n be -4 + (-472)/(0 + 4). Let f = 204 + n. What are the prime factors of f?
2, 41
Let k be (-8)/14 - (-72)/(-21). Let w(y) = 2*y**2 - 5*y - 6. What are the prime factors of w(k)?
2, 23
Let f be (-10)/30 - 23/3. Let s = 13 + f. Suppose -5*p + 20 = s*g, 5*g - 24 = p - 2*p. List the prime factors of g.
5
Let h be (-8)/(-4) - -6*4/(-6). What are the prime factors of -49*h*2/12*3?
7
Let p = -26 + 34. Suppose 0 = 2*k - 4, -2*j + 0 = -4*k - p. What are the prime factors of j?
2
Suppose d - 101 = 91. List the prime factors of d.
2, 3
Let c = -3 - -27. Suppose -172 = -3*w + 2*l, 0 = -2*w - l + 79 + c. Let g = 11 + w. What are the prime factors of g?
5, 13
Let x(c) = c**3 + 22*c**2 - 48*c + 19. List the prime factors of x(-24).
19
Suppose -3*h = 79 + 20. Let t be 7*(-1 + h/21). What are the prime factors of 4/(-3 - 57/t)?
2, 3
Suppose 0 = 6*j + 9 + 9. List the prime factors of (j + 7 + -152)/(6/(-3)).
2, 37
Let w = 15 + -13. Suppose 12 = -6*d + w*d. What are the prime factors of -10*d/6*11?
5, 11
Let w = -2330 + 5596. List the prime factors of w.
2, 23, 71
Suppose 2*h + 4*g + 14 = 0, 7*g = -5*h + 2*g - 10. Suppose 0 = -h*y + 39 + 126. What are the prime factors of y?
5, 11
Let a = -473 - -1093. What are the prime factors of a?
2, 5, 31
Suppose -3*m = -4*m + 4*t + 3, 4*m = -4*t + 12. Suppose -15 = -u - m*n, u - 3*n - 20 = 19. What are the prime factors of u?
3
Suppose -19*m = -14*m - 80. Suppose m*n - 572 = 5*n. List the prime factors of n.
2, 13
Let r(t) = -4*t + 85. Let s be r(19). Suppose -s*i = -20*i + 3223. What are the prime factors of i?
293
Let h be 10/15*21/1. Suppose h*q - 49 = 7*q. What are the prime factors of q?
7
Let r be 1*55 - 8*(-9)/(-72). List the prime factors of (r/(-12))/((-3)/46).
3, 23
Suppose -29*a = -22*a - 7854. List the prime factors of a.
2, 3, 11, 17
Let u = 5 + 25. Suppose -3*g - 2 = 2*y + g, 5*y + 5*g = 10. Suppose 3 = -3*h - 12, u = y*s - 2*h. What are the prime factors of s?
2
What are the prime factors of (0 - -2)/(14/10024)?
2, 179
Let c(x) = x**3 - 3*x**2 - 6*x + 8. Let l be c(4). Suppose l = -3*f + 4*f. Suppose f = -n + 6 + 7. What are the prime factors of n?
13
Let d be (11/(-3))/(2/12). Suppose 5*w + 7 + 23 = 0. What are the prime factors of d/(-4) + w/(-12)?
2, 3
Let c be -1*(-9)/(-6)*30. List the prime factors of c*(12/10 - 3).
3
Suppose -4*v + 6*v + i - 10 = 0, -2*v + 4*i = 0. Suppose 5*h - 1297 = -v*g, 0*g - 3*h = -5*g + 1612. List the prime factors of g.
17, 19
Let k be ((-3)/(-2))/(3/50). Suppose -7*v + 2*v = -k. Suppose z - 3*z + 29 = -v*n, n = 5*z - 61. List the prime factors of z.
2, 3
Suppose 0 = 3*q + q - 4*y + 12, -5*y + 35 = 5*q. Suppose v + q*v - 174 = -j, v - 50 = -3*j. List the prime factors of v.
59
Let b(f) = -30*f - 63. What are the prime factors of b(-11)?
3, 89
Suppose -3*u = -15, -i - 5*u = -0*i - 27. Suppose 4*h - 17 = -k, 5*h - i*h - 9 = -2*k. Suppose -140 = -h*n + 55. What are the prime factors of n?
3, 13
Let t(z) = -z**2 + 13*z - 9. Let r be t(12). Suppose 0 = -r*h - 0*h + 117. Let a = 73 - h. What are the prime factors of a?
2, 17
Suppose 4*j + 2*v + 6 = 2*j, -5*j = -4*v + 24. Let y be 3 + 2/(j + 2). What are the prime factors of 3/y - (-1854)/36?
53
Suppose 2*y = -0*y + 28. Suppose -12 = -q + 6*c - 2*c, 2*q = 3*c + y. Suppose r - q*m + 8 = m, -5*r + 5*m = 0. What are the prime factors of r?
2
Suppose 3*m - 2*y + 24 = -4*y, -3*y = 0. Let k be 0/(-4) + 1 - m. Let q = k + -1. What are the prime factors of q?
2
Let i(u) be the third derivative of -1/60*u**5 + 53/6*u**3 - 8*u**2 + 0 + 0*u + 0*u**4. What are the prime factors of i(0)?
53
Let c(w) be the first derivative of w**3 + 3*w**2 - 2*w + 1. Suppose -30*o = -71 - 49. What are the prime factors of c(o)?
2, 5, 7
Let q = -294 - -343. Let a(u) = u**3 - 2*u + 4. Let l be a(-3). Let c = q + l. List the prime factors of c.
2
Suppose 0 = -4*r + z - 39, -3*z + 2*z = 1. Let p be -2 + (-3 + 5 - 8/(-2)). Let h = p - r. What are the prime factors of h?
2, 7
Let n(b) = b + 120. Suppose 5*q = a, -a = -2*a. Let g be n(q). List the prime factors of (4/8)/(2/g).
2, 3, 5
Let r be 26*((-1)/(-2) + -1). Let o(a) = 5*a**2 - 18*a - 5. Let q(k) = k**2 - k. Let s(c) = -o(c) + 6*q(c). What are the prime factors of s(r)?
2, 3
Let u(y) = 97*y - 1. Let o be u(1). Let i be (6/8)/((-1)/(-4)). Suppose 4*x - x + 4*g - o = 0, 2*x - i*g - 47 = 0. List the prime factors of x.
2, 7
Let o(f) = -f**3 - 4*f**2 + 4*f - 1. Let p = -2 + -3. Let s be o(p). Let w(n) = 2*n**2 - 3*n + 2. What are the prime factors of w(s)?
2, 11
Let n(z) = -2*z. Let f be n(-4). Let l(c) = -c**3 - 5*c**2 - 2*c + 6. Let o be l(-4). List the prime factors of (-760)/(-32) - o/f.
2, 3
Suppose -4*g - 6 = -2*o + 28, 3*g = -5*o - 6. Let v be (-10 + 1)*g/21. Suppose -v*n + 12 = -6. What are the prime factors of n?
2, 3
Suppose 1015 = 3*d - a, 2*d - 5*a - 690 = -7*a. List the prime factors of d.
2, 5, 17
Let q = -82 + 130. Let n = -34 + q. List the prime factors of ((-62)/(-4))/(7/n).
31
Let o be 1/(-2)*(-8 + 104). Let t = -10 - o. List the prime factors of t.
2, 19
Suppose -3*l + 1997 = 2*h, -1017 + 360 = -l - 5*h. What are the prime factors of l?
23, 29
Let u = -440 - -786. What are the prime factors of u?
2, 173
Let z = -195 + 341. Suppose -z = -6*i + 28. Suppose c + 3*b = 19, 0 = -c - b + 3*b + i. List the prime factors of c.
5
What are the prime factors of (-9372)/(-10) - 819/(-455)?
3, 313
Let z(n) be the first derivative of 13*n**2/2 - 16*n - 10. What are the prime factors of z(9)?
101
Suppose 2*x - x - 2849 = -v, 4*x - 2840 = -v. Suppose 0 = -12*t + v + 160. List the prime factors of t.
251
List the prime factors of 896/(-320)*(-830)/4.
7, 83
List the prime factors of 227 - 1/(-2)*(4 + -2).
2, 3, 19
Let z = -2561 + 5785. List the prime factors of z.
2, 13, 31
Let f(a) = 2*a**2 - 13*a - 87. What are the prime factors of f(26)?
3, 103
Let l be 50/8 - ((-124)/16 - -8). What are the prime factors of -3 + (3 - -40)*l?
3, 5, 17
Suppose 2*x + 0*v - 365 = 3*v, 2*v = x - 183. What are the prime factors of x?
181
Suppose 8*p + 25 = 49. Suppose 0 = p*l - 453 - 57. List the prime factors of l.
2, 5, 17
Suppose 7097 = 25*z - 603. List the prime factors of z.
2, 7, 11
Let m(c) = -252*c + 488. List the prime factors of m(-8).
2, 313
Let b = -13 + 14. Let s = b + 255. What are the prime factors of s?
2
Let s(m) = 56*m + 1. What are the prime factors of s(5)?
281
Let a(t) = 11*t - 34. Let m(h) = -2*h. Let g(j) = -a(j) - 6*m(j). What are the prime factors of g(28)?
2, 31
Let u(x) = 8*x**2 - 13*x + 15. List the prime factors of u(9).
2, 3, 7, 13
Suppose 0 = 3*t - 7*t + 128. Let g = t + 65. Let s = g + -60. List the prime factors of s.
37
Let i = -8 + 10. Suppose i*m = 5*r + 74 - 6, 0 = -5*m - 3*r + 201. List the prime factors of m.
3, 13
Let b(u) = u**2 - 6*u - 3. Let j be 6/15 - 33/(-5). Let c be b(j). Suppose -4*t + c*h = -60, 2*h = -3*t - 0*t + 70. What are the prime factors of t?
2, 5
Suppose 4*k - 20 - 28 = d, 3*d - 12 = 0. Suppose k*c = 17*c - 1000. List the prime factors of c.
2, 5
Suppose 5*i = -m + 8931, 0 = -4*i - 2*m - m + 7136. What are the prime factors of i?
1787
Let y(q) = 3*q**2 + 26*q + 16. Let z(p) = -8*p**2 - 77*p - 48. Let s(m) = -11*y(m) - 4*z(m). What are the prime factors of s(14)?
2
Let a(l) = -2*l - 20. Let p = -59 - -44. List the prime factors of a(p).
2, 5
List the prime factors of (-8 - 175/(-20))*684.
3, 19
Suppose -137 + 16135 = 19*i. List the prime factors of i.
2, 421
Let f(u) = -u**2 - 5*u + 5. Let r be f(2). Let y(q) = -q**2 - 11*q - 4. Let x be y(r). Let d = -2 + x. What are the prime factors of d?
2, 3
Let q be 37/3 - (-2)/(-6). Let x = q + -13. List the prime factors o